 r(2).
114
Let c(g) = -g**3 - 201*g**2 + 1677*g + 1025. Calculate c(-209).
-20
Let a(m) = 1072*m - 16083. Determine a(15).
-3
Let v(n) = -122*n + 5609. Give v(46).
-3
Let b(s) = -399*s - 5979. Determine b(-15).
6
Let l(t) = 2*t**2 - 10*t - 440. Calculate l(17).
-32
Let w(a) = -132*a + 21. Calculate w(0).
21
Let u(k) = -272*k + 11700. Determine u(43).
4
Let d(w) = -2779*w + 13931. Determine d(5).
36
Let i(k) = k**3 + 4*k**2 - 40*k - 29. Calculate i(-9).
-74
Let i(m) = m**2 - 70*m + 700. What is i(58)?
4
Let k(f) = -2*f**3 + 6*f**2 + 11*f - 21. Calculate k(6).
-171
Let f(u) = u**2 + 1745*u - 12270. Give f(7).
-6
Let p(d) = -d**3 + 122*d**2 - 124*d + 362. What is p(121)?
-1
Let w(y) = -75*y**2 + 598*y - 25. Give w(8).
-41
Let p(y) = -176*y + 2413. What is p(14)?
-51
Let u(k) = k**2 - 88*k + 254. Determine u(3).
-1
Let y(w) = w**3 - 63*w - 137. Determine y(0).
-137
Let x(j) = -46*j + 1405. Calculate x(30).
25
Let n(g) = -8*g - 133. Determine n(-5).
-93
Let c(i) = -4*i - 8. What is c(-12)?
40
Let r(b) = -1026*b - 3132. Calculate r(-3).
-54
Let h(k) = k**2 - 344*k + 29327. Determine h(157).
-32
Let d(n) = -9*n**2 + 233*n + 32. Calculate d(25).
232
Let d(w) = -23*w**2 + 12*w - 17. Give d(2).
-85
Let o(l) = -l**2 + 31*l - 64. Give o(6).
86
Let b(t) = 87*t**2 - 10*t - 11. Calculate b(-1).
86
Let w(s) = 4149*s + 4115. What is w(-1)?
-34
Let o(w) = 11511*w + 46034. Give o(-4).
-10
Let v(s) = -5560*s + 11118. Give v(2).
-2
Let x(o) = 4*o**2 + 40*o + 14. What is x(-10)?
14
Let n(i) = -245*i - 1734. What is n(-7)?
-19
Let p(d) = -14*d - 7. What is p(4)?
-63
Let n(p) = 3647*p + 44. Determine n(0).
44
Let t(m) = 27*m - 175. What is t(6)?
-13
Let f(b) = -b**3 - 57*b**2 + 120*b + 117. Give f(-59).
-1
Let f(w) = -w**3 - 73*w**2 - 208*w - 39. Determine f(-70).
-179
Let f(d) = 34*d**3 - 307*d**2 + 161*d - 1363. Calculate f(9).
5
Let f(a) = 4*a**2 - 94*a + 154. Determine f(21).
-56
Let m(v) = -148*v + 4. Give m(0).
4
Let p(u) = 7*u**3 + 27*u**2 - 2*u - 21. Determine p(-4).
-29
Let s(h) = -h**3 - 5*h**2 + 100*h - 28. What is s(-9)?
-604
Let q(k) = 994*k - 17944. Calculate q(18).
-52
Let f(x) = x**3 + 54*x**2 + 223*x + 1174. Calculate f(-50).
24
Let b(k) = 14*k**2 + 17*k - 5. What is b(-2)?
17
Let x(u) = -2*u**2 + 23*u + 45. What is x(-2)?
-9
Let o(d) = -d**3 + 22*d**2 + 245*d - 134. What is o(30)?
16
Let m(h) = 14*h - 538. Give m(56).
246
Let x(b) = -5*b + 94. What is x(1)?
89
Let b(u) = 386*u - 8. Calculate b(0).
-8
Let q(d) = -2*d**2 + 101*d + 154. What is q(50)?
204
Let i(f) = 88*f**2 + 2200*f + 5. Calculate i(-25).
5
Let j(g) = g**3 + 7*g**2 - 52*g + 32. What is j(4)?
0
Let k(f) = 6*f**2 + 74*f + 48. Determine k(-11).
-40
Let w(l) = 32*l + 259. What is w(-10)?
-61
Let u(g) = -g**2 - 60*g - 134. Determine u(-46).
510
Let j(k) = -308*k + 3396. Determine j(11).
8
Let a(g) = -40*g - 1602. Determine a(-40).
-2
Let p(y) = 2*y**2 + 494*y + 15869. Give p(-38).
-15
Let a(v) = 54*v + 262. Determine a(-5).
-8
Let i(s) = -2*s**2 - 140*s + 872. Determine i(-76).
-40
Let t(a) = -a**2 + 54*a + 714. Calculate t(-10).
74
Let n(i) = 289*i + 2888. Determine n(-10).
-2
Let f(m) = -m**2 + 11*m + 316. Calculate f(27).
-116
Let p(z) = -4*z**2 + 57*z - 59. Determine p(1).
-6
Let c(v) = v**2 - 121*v + 3578. Calculate c(70).
8
Let a(y) = 88*y + 211. Calculate a(-3).
-53
Let p(f) = 2*f**2 - 172*f - 2797. What is p(100)?
3
Let g(x) = 2*x**2 + 21*x + 66. Calculate g(-16).
242
Let v(q) = q**3 - 7*q**2 + 3*q + 3. Give v(4).
-33
Let n(f) = 28*f**3 - 3*f**2 + 8*f + 6. Determine n(2).
234
Let o(d) = 2*d**3 - 180*d**2 - 5*d + 457. Calculate o(90).
7
Let o(r) = -4*r**2 + 62*r + 6. Give o(16).
-26
Let h(s) = -3*s**2 + 67*s + 324. Determine h(-5).
-86
Let g(k) = k - 135. Determine g(69).
-66
Let i(k) = 141*k - 334. Calculate i(2).
-52
Let p(u) = -311*u + 2816. Determine p(9).
17
Let s(t) = 2*t**2 + 56*t + 51. Determine s(-1).
-3
Let y(f) = -f**3 - 44*f**2 - 163*f - 95. Calculate y(-40).
25
Let m(j) = -5*j**3 + 33*j**2 + 51*j + 44. Calculate m(8).
4
Let x(c) = 15*c**3 + 138*c**2 + 143*c + 4. Determine x(-1).
-16
Let z(t) = t**2 - 10*t - 179. Give z(0).
-179
Let a(j) = 7*j**2 + 265*j + 232. Determine a(-37).
10
Let i(q) = 80*q**2 + 481*q + 13. Determine i(-6).
7
Let z(t) = -3*t**3 - 8*t**2 + 2*t - 11. Calculate z(-6).
337
Let w(s) = -39*s + 280. Determine w(7).
7
Let u(b) = 2*b**2 - 21*b + 3. Give u(7).
-46
Let z(m) = 840*m + 1680. What is z(-2)?
0
Let c(i) = i**3 + 3*i**2 - 6*i + 21. Calculate c(-5).
1
Let b(g) = g**2 + 17*g - 110. Calculate b(-22).
0
Let d(h) = h**3 - h**2 - 122*h + 4. Give d(10).
-316
Let a(x) = x**3 + 20*x**2 - 19*x + 3. Calculate a(-21).
-39
Let q(p) = -p**3 - 4*p**2 + 177*p + 881. Determine q(-12).
-91
Let f(r) = r**3 - 15*r**2 - 57*r + 70. Determine f(18).
16
Let u(i) = i**3 + 19*i**2 + 6*i - 1. Calculate u(-18).
215
Let x(h) = -136*h - 1599. Give x(-5).
-919
Let x(r) = -2*r**3 - 10*r**2 + 251*r + 1033. Determine x(-4).
-3
Let t(h) = h**2 - 2974*h - 20873. Determine t(-7).
-6
Let t(r) = 7*r - 79. What is t(11)?
-2
Let v(c) = 2*c**3 + 49*c**2 + 74*c + 136. Determine v(-23).
21
Let v(l) = 5*l**2 - 79*l - 13. Determine v(16).
3
Let t(k) = -3*k**2 + 29*k - 76. Give t(4).
-8
Let y(t) = 252*t**2 - 37*t - 36. Give y(-1).
253
Let f(n) = 45*n**3 + 5*n**2 + 6*n - 1. Give f(-1).
-47
Let r(l) = 315*l - 3707. Determine r(12).
73
Let y(f) = 143*f - 5020. Calculate y(35).
-15
Let l(w) = -5*w - 6. What is l(3)?
-21
Let i(j) = j**2 + 61*j - 1190. Determine i(-76).
-50
Let w(r) = -2*r**2 - 46*r + 2112. Determine w(-46).
-4
Let j(g) = -156*g - 22634. Give j(-145).
-14
Let d(r) = 3*r**3 + 23*r**2 + 16*r + 71. Give d(-7).
57
Let f(n) = 12*n + 980. Calculate f(-83).
-16
Let l(u) = -3*u - 57. Calculate l(-7).
-36
Let m(o) = 2*o + 61. Determine m(0).
61
Let h(p) = -2*p**3 - 23*p**2 - 49*p - 38. Give h(-9).
-2
Let b(r) = r + 93. Calculate b(-19).
74
Let q(c) = 2*c**3 + 9*c**2 - 21*c - 98. Determine q(-6).
-80
Let a(s) = 3*s**2 - 19*s + 17. What is a(8)?
57
Let l(s) = -s**3 - 3*s**2 + 49*s + 112. Determine l(7).
-35
Let n(x) = -726*x + 105. What is n(-1)?
831
Let n(x) = -52*x - 10. Determine n(5).
-270
Let o(t) = 9*t**3 - 4*t**2 + t - 6. What is o(3)?
204
Let n(b) = b**3 - 4*b**2 - 7*b + 13. Determine n(4).
-15
Let g(n) = 2*n**3 + 57*n**2 + 20*n + 50. Calculate g(-28).
274
Let z(d) = d**2 - 24*d - 319. Determine z(34).
21
Let w(c) = -5*c**2 - c + 82. What is w(0)?
82
Let o(d) = d**3 - 81*d**2 + 159*d - 67. Calculate o(79).
12
Let a(n) = n**3 + 23*n**2 + 7*n + 118. Determine a(-23).
-43
Let w(k) = -32563*k + 97683. Determine w(3).
-6
Let d(i) = -22*i - 50. What is d(-9)?
148
Let z(u) = 1514*u - 4524. Calculate z(3).
18
Let c(u) = u**3 - 56*u**2 + 22*u - 1207. Calculate c(56).
25
Let g(b) = 53*b**3 + 2*b**2 + 6*b + 1. Give g(-2).
-427
Let s(z) = -9*z + 220. What is s(15)?
85
Let m(s) = 3*s**3 + 31*s**2 - 72*s - 546. Determine m(-11).
4
Let s(n) = -74*n - 290. What is s(-4)?
6
Let w(u) = -2*u - 34. Give w(58).
-150
Let c(i) = 112*i - 1051. Give c(9).
-43
Let n(r) = r**2 - 9*r - 326. What is n(-13)?
-40
Let b(y) = -2*y**3 - 11*y**2 + 14*y - 13. Calculate b(-7).
36
Let g(u) = u**3 - 18*u**2 + 66*u + 19. What is g(12)?
-53
Let c(o) = -2*o**3 - 6*o**2 - 3*o + 5. What is c(-4)?
49
Let y(q) = -14*q**2 + 74*q - 49. What is y(6)?
-109
Let t(n) = 660*n + 6597. Determine t(-10).
-3
Let s(n) = -2*n**2 + 43*n - 83. What is s(19)?
12
Let g(z) = -z**2 + 86*z + 534. Calculate g(-7).
-117
Let c(g) = -364*g + 1141. Give c(3).
49
Let z(d) = -11*d + 40. What is z(7)?
-37
Let q(j) = -j**2 - 3*j + 4. What is q(2)?
-6
Let t(m) = -m**3 - 16*m**2 - 17*m + 8. Calculate t(-14).
-146
Let m(k) = 315*k + 3790. Calculate m(-12).
10
Let p(o) = -2*o**2 + 48*o - 285. Give p(14).
-5
Let c(k) = 3*k**2 + 182*k - 51. Calculate c(0).
-51
Let j(d) = -97*d + 222. Calculate j(6).
-360
Let k(i) = i**3 + 107*i**2 + 509*i - 1. What is k(-5)?
4
Let x(c) = -c**2 + 78*c - 843. Give x(13).
2
Let s(b) = -2*b**2 + 195*b - 4715. Give s(53).
2
Let j(d) = -9*d**2 - 3. Give j(-4).
-147
Let t(a) = 674*a + 22237. Calculate t(-33).
-5
Let o(s) = -37*s + 100. What is o(3)?
-11
Let r(q) = 2*q**3 + 14*q**2 - 36*q - 1. What is r(-9)?
-1
Let q(s) = s**2 + 21*s - 12984. Give q(-125).
16
Let y(d) = 392*d + 3516. Determine y(-9).
-12
Let p(w) = w**3 - 6*w**2 - 19*w